t of 104773?
0
What is the tens digit of 4127345?
4
What is the millions digit of 14895052?
4
What is the thousands digit of 25820519?
0
What is the units digit of 912748?
8
What is the hundred thousands digit of 4476272?
4
What is the thousands digit of 10263856?
3
What is the ten thousands digit of 766241?
6
What is the ten thousands digit of 8412474?
1
What is the hundreds digit of 612211?
2
What is the hundreds digit of 6911751?
7
What is the ten thousands digit of 853710?
5
What is the ten thousands digit of 451698?
5
What is the thousands digit of 119683?
9
What is the ten thousands digit of 16620868?
2
What is the units digit of 913020?
0
What is the hundred thousands digit of 2154725?
1
What is the thousands digit of 4253858?
3
What is the tens digit of 1699855?
5
What is the ten thousands digit of 2904008?
0
What is the hundred thousands digit of 19840959?
8
What is the tens digit of 1801771?
7
What is the tens digit of 854078?
7
What is the hundred thousands digit of 572118?
5
What is the thousands digit of 224499?
4
What is the thousands digit of 3587115?
7
What is the hundred thousands digit of 1435295?
4
What is the ten thousands digit of 1539077?
3
What is the thousands digit of 5440518?
0
What is the thousands digit of 1611306?
1
What is the hundred thousands digit of 380290?
3
What is the units digit of 170940?
0
What is the units digit of 479347?
7
What is the millions digit of 4894899?
4
What is the hundred thousands digit of 5722153?
7
What is the ten millions digit of 14776061?
1
What is the ten thousands digit of 278678?
7
What is the thousands digit of 348779?
8
What is the thousands digit of 311099?
1
What is the thousands digit of 3237011?
7
What is the ten thousands digit of 131026?
3
What is the ten millions digit of 13603643?
1
What is the ten thousands digit of 491366?
9
What is the hundreds digit of 2582424?
4
What is the ten thousands digit of 1235993?
3
What is the ten thousands digit of 4118045?
1
What is the hundred thousands digit of 571852?
5
What is the units digit of 5207856?
6
What is the units digit of 488301?
1
What is the millions digit of 2299917?
2
What is the thousands digit of 36947?
6
What is the units digit of 33512533?
3
What is the thousands digit of 38209?
8
What is the tens digit of 586229?
2
What is the ten thousands digit of 7535127?
3
What is the hundred thousands digit of 2174932?
1
What is the tens digit of 257172?
7
What is the units digit of 16981585?
5
What is the units digit of 2827974?
4
What is the hundreds digit of 1868814?
8
What is the hundred thousands digit of 3642962?
6
What is the tens digit of 11469211?
1
What is the hundreds digit of 27932840?
8
What is the ten thousands digit of 395206?
9
What is the ten thousands digit of 200649?
0
What is the ten thousands digit of 2548701?
4
What is the units digit of 557703?
3
What is the millions digit of 1333198?
1
What is the units digit of 2569198?
8
What is the millions digit of 1715909?
1
What is the thousands digit of 541576?
1
What is the units digit of 200854?
4
What is the hundred thousands digit of 1456768?
4
What is the units digit of 435696?
6
What is the tens digit of 562162?
6
What is the hundreds digit of 15995?
9
What is the ten thousands digit of 7271091?
7
What is the hundreds digit of 6155101?
1
What is the units digit of 695997?
7
What is the units digit of 9752596?
6
What is the thousands digit of 4560439?
0
What is the thousands digit of 1658391?
8
What is the ten thousands digit of 5640401?
4
What is the units digit of 106239?
9
What is the ten thousands digit of 444200?
4
What is the tens digit of 180626?
2
What is the tens digit of 937779?
7
What is the thousands digit of 5002?
5
What is the tens digit of 32922?
2
What is the tens digit of 1258805?
0
What is the hundreds digit of 14226492?
4
What is the hundreds digit of 21176483?
4
What is the tens digit of 25830102?
0
What is the millions digit of 23417286?
3
What is the thousands digit of 980041?
0
What is the thousands digit of 29416?
9
What is the ten thousands digit of 5689850?
8
What is the hundreds digit of 1298494?
4
What is the units digit of 416465?
5
What is the hundreds digit of 8113903?
9
What is the units digit of 13939654?
4
What is the hundreds digit of 32812559?
5
What is the tens digit of 3514315?
1
What is the thousands digit of 136107?
6
What is the millions digit of 1874661?
1
What is the hundreds digit of 994250?
2
What is the millions digit of 35768843?
5
What is the hundreds digit of 786059?
0
What is the ten millions digit of 22983877?
2
What is the thousands digit of 251172?
1
What is the hundreds digit of 233464?
4
What is the thousands digit of 77144?
7
What is the units digit of 176680?
0
What is the ten millions digit of 20125408?
2
What is the thousands digit of 26000?
6
What is the ten thousands digit of 24930317?
3
What is the ten thousands digit of 15723955?
2
What is the tens digit of 248966?
6
What is the hundred thousands digit of 290497?
2
What is the hundred thousands digit of 323315?
3
What is the thousands digit of 1794284?
4
What is the thousands digit of 528570?
8
What is the tens digit of 3422084?
8
What is the millions digit of 1350256?
1
What is the thousands digit of 56516?
6
What is the hundred thousands digit of 3734084?
7
What is the units digit of 4514654?
4
What is the tens digit of 5985030?
3
What is the tens digit of 8964651?
5
What is the hundreds digit of 1750054?
0
What is the hundred thousands digit of 108610?
1
What is the tens digit of 498618?
1
What is the thousands digit of 1074922?
4
What is the hundreds digit of 372849?
8
What is the millions digit of 11230507?
1
What is the millions digit of 9141542?
9
What is the hundred thousands digit of 2776279?
7
What is the tens digit of 10337421?
2
What is the thousands digit of 728363?
8
What is the millions digit of 1734655?
1
What is the millions digit of 3326251?
3
What is the thousands digit of 68487?
8
What is the ten thousands digit of 8749805?
4
What is the hundreds digit of 2500104?
1
What is the ten thousands digit of 32186606?
8
What is the units digit of 8359878?
8
What is the millions digit of 16499261?
6
What is the ten thousands digit of 5537413?
3
What is the ten thousands digit of 360365?
6
What is the thousands digit of 326623?
6
What is the hundreds digit of 62781?
7
What is the hundred thousands digit of 873118?
8
What is the hundred thousands digit of 190662?
1
What is the units digit of 165131?
1
What is the tens digit of 53028?
2
What is the thousands digit of 221131?
1
What is the millions digit of 1200710?
1
What is the hundred thousands digit of 2574679?
5
What is the units digit of 6708263?
3
What is the ten thousands digit of 166837?
6
What is the tens digit of 126043?
4
What is the units digit of 689736?
6
What is the tens digit of 8569214?
1
What is the millions digit of 1095932?
1
What is the hundred thousands digit of 641063?
6
What is the units digit of 143053?
3
What is the hundreds digit of 332745?
7
What is the ten millions digit of 12288721?
1
What is the units digit of 14807647?
7
What is the ten thousands digit of 49516?
4
What is the thousands digit of 22043?
2
What is the hundred thousands digit of 833536?
8
What is the tens digit of 1522894?
9
What is the units digit of 2211144?
4
What is the ten thousands digit of 43917?
4
What is the tens digit of 14999520?
2
What is the hundred thousands digit of 3580089?
5
What is the ten thousands digit of 7708500?
0
What is the units digit of 262057?
7
What is the thousands digit of 7950491?
0
What is the thousands digit of 442226?
2
What is the tens digit of 116070?
7
What is the tens digit of 908060?
6
What is the millions digit of 26520069?
6
What is the hundreds digit of 7103584?
5
What is the units digit of 2231087?
7
What is the thousands digit of 1214566?
4
What is the hundreds digit of 9399573?
5
What is the hundreds digit of 7633521?
5
What is the thousands digit of 670525?
0
What is the hundred thousands digit of 9292343?
2
What is the thousands digit of 191255?
1
What is the hundred thousands digit of 3020837?
0
What is the tens digit of 130884?
8
What is the tens digit of 19924998?
9
What is the hundreds digit of 645284?
2
What is the tens digit of 512839?
3